{"id":77,"date":"2025-01-04T11:11:01","date_gmt":"2025-01-04T10:11:01","guid":{"rendered":"https:\/\/urban.stan101.si\/?page_id=77"},"modified":"2025-01-04T15:42:12","modified_gmt":"2025-01-04T14:42:12","slug":"domov","status":"publish","type":"page","link":"https:\/\/urban.stan101.si\/index.php\/domov\/","title":{"rendered":"Domov"},"content":{"rendered":"<p><strong>Napaka!\u00a0 <\/strong>Osve\u017eite stran, \u010de ni pomagalo ni ni\u010d na strani. \ud83d\ude09<\/p>\n","protected":false},"excerpt":{"rendered":"<p>Napaka!\u00a0 Osve\u017eite stran, \u010de ni pomagalo ni ni\u010d na strani. \ud83d\ude09<\/p>\n","protected":false},"author":1,"featured_media":0,"parent":0,"menu_order":0,"comment_status":"closed","ping_status":"closed","template":"","meta":{"footnotes":""},"class_list":["post-77","page","type-page","status-publish","hentry"],"yoast_head":"<!-- This site is optimized with the Yoast SEO plugin v24.3 - https:\/\/yoast.com\/wordpress\/plugins\/seo\/ -->\n<title>Domov - Pozdravljeni!<\/title>\n<meta name=\"robots\" content=\"index, follow, max-snippet:-1, max-image-preview:large, max-video-preview:-1\" \/>\n<link rel=\"canonical\" href=\"https:\/\/urban.stan101.si\/index.php\/domov\/\" \/>\n<meta property=\"og:locale\" content=\"sl_SI\" \/>\n<meta property=\"og:type\" content=\"article\" \/>\n<meta property=\"og:title\" content=\"Domov - Pozdravljeni!\" \/>\n<meta property=\"og:description\" content=\"Napaka!\u00a0 Osve\u017eite stran, \u010de ni pomagalo ni ni\u010d na strani. \ud83d\ude09\" \/>\n<meta property=\"og:url\" content=\"https:\/\/urban.stan101.si\/index.php\/domov\/\" \/>\n<meta property=\"og:site_name\" content=\"Pozdravljeni!\" \/>\n<meta property=\"article:modified_time\" content=\"2025-01-04T14:42:12+00:00\" \/>\n<meta name=\"twitter:card\" content=\"summary_large_image\" \/>\n<meta name=\"twitter:label1\" content=\"Est. reading time\" \/>\n\t<meta name=\"twitter:data1\" content=\"1 minuta\" \/>\n<script type=\"application\/ld+json\" class=\"yoast-schema-graph\">{\"@context\":\"https:\/\/schema.org\",\"@graph\":[{\"@type\":\"WebPage\",\"@id\":\"https:\/\/urban.stan101.si\/index.php\/domov\/\",\"url\":\"https:\/\/urban.stan101.si\/index.php\/domov\/\",\"name\":\"Domov - Pozdravljeni!\",\"isPartOf\":{\"@id\":\"https:\/\/urban.stan101.si\/#website\"},\"datePublished\":\"2025-01-04T10:11:01+00:00\",\"dateModified\":\"2025-01-04T14:42:12+00:00\",\"breadcrumb\":{\"@id\":\"https:\/\/urban.stan101.si\/index.php\/domov\/#breadcrumb\"},\"inLanguage\":\"sl-SI\",\"potentialAction\":[{\"@type\":\"ReadAction\",\"target\":[\"https:\/\/urban.stan101.si\/index.php\/domov\/\"]}]},{\"@type\":\"BreadcrumbList\",\"@id\":\"https:\/\/urban.stan101.si\/index.php\/domov\/#breadcrumb\",\"itemListElement\":[{\"@type\":\"ListItem\",\"position\":1,\"name\":\"Home\",\"item\":\"https:\/\/urban.stan101.si\/\"},{\"@type\":\"ListItem\",\"position\":2,\"name\":\"Domov\"}]},{\"@type\":\"WebSite\",\"@id\":\"https:\/\/urban.stan101.si\/#website\",\"url\":\"https:\/\/urban.stan101.si\/\",\"name\":\"Pozdravljeni!\",\"description\":\"\",\"potentialAction\":[{\"@type\":\"SearchAction\",\"target\":{\"@type\":\"EntryPoint\",\"urlTemplate\":\"https:\/\/urban.stan101.si\/?s={search_term_string}\"},\"query-input\":{\"@type\":\"PropertyValueSpecification\",\"valueRequired\":true,\"valueName\":\"search_term_string\"}}],\"inLanguage\":\"sl-SI\"}]}<\/script>\n<!-- \/ Yoast SEO plugin. -->","yoast_head_json":{"title":"Domov - Pozdravljeni!","robots":{"index":"index","follow":"follow","max-snippet":"max-snippet:-1","max-image-preview":"max-image-preview:large","max-video-preview":"max-video-preview:-1"},"canonical":"https:\/\/urban.stan101.si\/index.php\/domov\/","og_locale":"sl_SI","og_type":"article","og_title":"Domov - Pozdravljeni!","og_description":"Napaka!\u00a0 Osve\u017eite stran, \u010de ni pomagalo ni ni\u010d na strani. \ud83d\ude09","og_url":"https:\/\/urban.stan101.si\/index.php\/domov\/","og_site_name":"Pozdravljeni!","article_modified_time":"2025-01-04T14:42:12+00:00","twitter_card":"summary_large_image","twitter_misc":{"Est. reading time":"1 minuta"},"schema":{"@context":"https:\/\/schema.org","@graph":[{"@type":"WebPage","@id":"https:\/\/urban.stan101.si\/index.php\/domov\/","url":"https:\/\/urban.stan101.si\/index.php\/domov\/","name":"Domov - Pozdravljeni!","isPartOf":{"@id":"https:\/\/urban.stan101.si\/#website"},"datePublished":"2025-01-04T10:11:01+00:00","dateModified":"2025-01-04T14:42:12+00:00","breadcrumb":{"@id":"https:\/\/urban.stan101.si\/index.php\/domov\/#breadcrumb"},"inLanguage":"sl-SI","potentialAction":[{"@type":"ReadAction","target":["https:\/\/urban.stan101.si\/index.php\/domov\/"]}]},{"@type":"BreadcrumbList","@id":"https:\/\/urban.stan101.si\/index.php\/domov\/#breadcrumb","itemListElement":[{"@type":"ListItem","position":1,"name":"Home","item":"https:\/\/urban.stan101.si\/"},{"@type":"ListItem","position":2,"name":"Domov"}]},{"@type":"WebSite","@id":"https:\/\/urban.stan101.si\/#website","url":"https:\/\/urban.stan101.si\/","name":"Pozdravljeni!","description":"","potentialAction":[{"@type":"SearchAction","target":{"@type":"EntryPoint","urlTemplate":"https:\/\/urban.stan101.si\/?s={search_term_string}"},"query-input":{"@type":"PropertyValueSpecification","valueRequired":true,"valueName":"search_term_string"}}],"inLanguage":"sl-SI"}]}},"_links":{"self":[{"href":"https:\/\/urban.stan101.si\/index.php\/wp-json\/wp\/v2\/pages\/77","targetHints":{"allow":["GET"]}}],"collection":[{"href":"https:\/\/urban.stan101.si\/index.php\/wp-json\/wp\/v2\/pages"}],"about":[{"href":"https:\/\/urban.stan101.si\/index.php\/wp-json\/wp\/v2\/types\/page"}],"author":[{"embeddable":true,"href":"https:\/\/urban.stan101.si\/index.php\/wp-json\/wp\/v2\/users\/1"}],"replies":[{"embeddable":true,"href":"https:\/\/urban.stan101.si\/index.php\/wp-json\/wp\/v2\/comments?post=77"}],"version-history":[{"count":4,"href":"https:\/\/urban.stan101.si\/index.php\/wp-json\/wp\/v2\/pages\/77\/revisions"}],"predecessor-version":[{"id":81,"href":"https:\/\/urban.stan101.si\/index.php\/wp-json\/wp\/v2\/pages\/77\/revisions\/81"}],"wp:attachment":[{"href":"https:\/\/urban.stan101.si\/index.php\/wp-json\/wp\/v2\/media?parent=77"}],"curies":[{"name":"wp","href":"https:\/\/api.w.org\/{rel}","templated":true}]}}